
8073
In base 7, what is 4522 + -435?
4054
In base 11, what is 1 + 9a397?
9a398
In base 12, what is 251740 + 3?
251743
In base 7, what is -10242506 - 5?
-10242514
In base 3, what is 211011202 + 22?
211012001
In base 6, what is 323051 - -215?
323310
In base 6, what is -1033440 + 535?
-1032501
In base 2, what is 111 - 101001000110011?
-101001000101100
In base 15, what is 1125 - -6d?
1193
In base 11, what is 457 - -2424?
2880
In base 13, what is 1c - -33ba?
3409
In base 16, what is 1 + 3203?
3204
In base 16, what is -1328 - 1b?
-1343
In base 2, what is -111000101011010001 + -10?
-111000101011010011
In base 13, what is 746 + 2b9?
a32
In base 12, what is -41a - a?
-428
In base 9, what is 2231017 - 2?
2231015
In base 5, what is 304024 - 13?
304011
In base 9, what is -2 + -18141?
-18143
In base 13, what is -15 + -90bb?
-9103
In base 10, what is -485 - -3407?
2922
In base 16, what is -36a3 + -3?
-36a6
In base 3, what is -102 + 2010102?
2010000
In base 10, what is 1 - -322385?
322386
In base 14, what is 1504 - 9d?
1445
In base 8, what is -436232 + 2?
-436230
In base 13, what is 0 + ac2?
ac2
In base 15, what is 1bd7a8 + 3?
1bd7ab
In base 3, what is -102 - -121220021212?
121220021110
In base 2, what is 1010001010 + -10011011?
111101111
In base 16, what is -10 + -a0e4?
-a0f4
In base 3, what is -102210202202 + -1?
-102210202210
In base 14, what is -38 + 2aa?
272
In base 3, what is 20110120102 + 1?
20110120110
In base 3, what is -12111112201 + -12?
-12111112220
In base 8, what is 2 - -5377?
5401
In base 7, what is -2022 - 1223?
-3245
In base 8, what is -1673507 - -7?
-1673500
In base 7, what is -326 + -54?
-413
In base 9, what is 75 + -40?
35
In base 14, what is 5c + 1ba?
238
In base 5, what is -44313431 + -24?
-44314010
In base 14, what is 16758 - -3?
1675b
In base 5, what is 303433 + -11?
303422
In base 7, what is 6 + -12215?
-12206
In base 13, what is -1a469b + -5?
-1a46a3
In base 9, what is 11060 + -7?
11052
In base 13, what is -340 - 163?
-4a3
In base 4, what is -3 + -221211?
-221220
In base 16, what is a75 + -60?
a15
In base 12, what is 1 + 6685?
6686
In base 3, what is -2 + 200201122?
200201120
In base 4, what is 11 + -132321300?
-132321223
In base 6, what is 5 + -3040221?
-3040212
In base 4, what is 300 - -21110?
22010
In base 15, what is 140 - 5a9?
-469
In base 13, what is -239a - 3?
-23a0
In base 3, what is 1 + -1022021000?
-1022020222
In base 15, what is -7 + 1996?
198e
In base 6, what is 11120231 - -4?
11120235
In base 4, what is 10030322 - -2?
10030330
In base 7, what is -1402 + 541?
-531
In base 7, what is 21 + -432060?
-432036
In base 10, what is 45 + 349?
394
In base 6, what is -1013300 + -20?
-1013320
In base 9, what is -2 - 15827?
-15830
In base 7, what is 30 - 3115?
-3055
In base 5, what is -343134211 - 10?
-343134221
In base 15, what is -194a + -5?
-1950
In base 6, what is 2 - 304453?
-304451
In base 8, what is 5 - -133635?
133642
In base 4, what is 232 - 2120122?
-2113230
In base 15, what is -60 - -3d?
-22
In base 13, what is 15852 - -49?
1589b
In base 11, what is 3975 + -7?
3969
In base 11, what is -1019671 - 1?
-1019672
In base 2, what is 10000 - -1010101110?
1010111110
In base 2, what is 100 + -11101101?
-11101001
In base 14, what is 646b4 - 5?
646ad
In base 8, what is 71544 + 374?
72140
In base 10, what is -2322 - -51?
-2271
In base 13, what is 6 + -4a9?
-4a3
In base 12, what is 1a60 - 27?
1a35
In base 6, what is 2520 - 352?
2124
In base 5, what is 4 + -33112332?
-33112323
In base 12, what is -214 - 9?
-221
In base 9, what is 872887 - 5?
872882
In base 8, what is 243422 - -27?
243451
In base 15, what is 5aada - 2?
5aad8
In base 14, what is 4 + 2622?
2626
In base 10, what is 135 + 2125?
2260
In base 8, what is -15432 + -1?
-15433
In base 10, what is 3024 - -9?
3033
In base 2, what is 10101001010 + -10101?
10100110101
In base 11, what is 1a51 + -5?
1a47
In base 12, what is -677 + 3549?
2a92
In base 8, what is 2703103 - 3?
2703100
In base 9, what is 20 - 762?
-742
In base 15, what is -73b7 - -2b?
-738b
In base 9, what is 80 - 67831?
-67741
In base 3, what is -12 + 1022122211212?
1022122211200
In base 13, what is -60a - -126?
-4b4
In base 12, what is 20 - -39a1?
3a01
In base 9, what is 664 + 21?
685
In base 11, what is -6a + 1a9?
13a
In base 5, what is 431 + 3043?
4024
In base 7, what is -1105 - 2566?
-4004
In base 3, what is 11021 - -121001?
202022
In base 2, what is 1010 + 101000010110110000?
101000010110111010
In base 9, what is -62 + -42718?
-42781
In base 12, what is -42 + 16455?
16413
In base 6, what is -12341421 - -3?
-12341414
In base 16, what is 45c5 - 87?
453e
In base 11, what is -2366429 - 1?
-236642a
In base 11, what is -20709 - -137?
-20582
In base 3, what is -110101101202 - 11?
-110101101220
In base 2, what is -10101000110111000101100 - 11?
-10101000110111000101111
In base 9, what is 2 - -2843?
2845
In base 14, what is -b5 - -177?
a2
In base 11, what is -3458 + 1?
-3457
In base 4, what is -210223300 + 3?
-210223231
In base 12, what is 1 + -6641?
-6640
In base 5, what is -32 - -20310343?
20310311
In base 6, what is 5 + -50121?
-50112
In base 5, what is -32 + -420311?
-420343
In base 2, what is 1010101101 - -1110101101?
11001011010
In base 16, what is 250 + -25?
22b
In base 6, what is 3 - -100404432?
100404435
In base 2, what is 0 + 1101100111?
1101100111
In base 9, what is -321360 + -5?
-321365
In base 9, what is 112 - 705?
-583
In base 13, what is -9 - -b83?
b77
In base 9, what is -325564 + -5?
-325570
In base 15, what is -e - 18009?
-18018
In base 10, what is 5 + -47272?
-47267
In base 5, what is 120003 + -3221?
111232
In base 4, what is 3330231 + 22?
3330313
In base 5, what is -31020432 + -10?
-31020442
In base 5, what is -234 + 41243?
41004
In base 5, what is 21 + 3312424?
3313000
In base 2, what is 101 + -100010101110001001?
-100010101110000100
In base 12, what is -3 - 227812?
-227815
In base 7, what is 101 - 2015?
-1614
In base 10, what is 1285288 - 3?
1285285
In base 7, what is 15 + 1611154?
1611202
In base 16, what is 9 - -bfd?
c06
In base 7, what is 1053 + -2101?
-1015
In base 8, what is -303 - 7524?
-10027
In base 13, what is c84cb - 3?
c84c8
In base 7, what is -11 + 530001?
526660
In base 3, what is 1021000101 + -1?
1021000100
In base 7, what is -332101 + 3?
-332065
In base 16, what is 5 + -998e0?
-998db
In base 2, what is -1010010110 + 1111011101101?
1110001010111
In base 5, what is -1244122 - 1?
-1244123
In base 3, what is 201120001 + 2011?
201122012
In base 6, what is 3 - 232323?
-232320
In base 12, what is -74051 + 0?
-74051
In base 14, what is 5947 - 5?
5942
In base 14, what is 5 - 3975?
-3970
In base 15, what is -1cd5b + -6?
-1cd62
In base 15, what is 2 - -1674c?
1674e
In base 13, what is 2 - 2bc38?
-2bc36
In base 6, what is -2 - 30035?
-30041
In base 2, what is 1101101111010010 + -100?
1101101111001110
In base 15, what is 21048 + 5?
2104d
In base 3, what is -1210020220 + -1020?
-1210022010
In base 7, what is -16663 + 21?
-16642
In base 13, what is 1133b - 24?
11317
In base 13, what is -1b1 + -381?
-562
In base 9, what is -3 + -150342?
-150345
In base 15, what is 4 - -5584a?
5584e
In base 5, what is 0 + 143133?
143133
In base 6, what is 1250401 + -24?
1250333
In base 4, what is 10 - 2002232?
-2002222
In base 7, what is 16142 - 636?
15203
In base 6, what is 240 + -21?
215
In base 5, what is -20344 - -404?
-14440
In base 15, what is 5 + 12d10?
12d15
In base 4, what is 21211000 - 1?
21210333
In base 4, what is 1302 - 3032110?
-3030202
In base 7, what is -140 - -41523?
41353
In base 11, what is -44a + 41?
-409
In base 14, what is -1b + -c905?
-c922
In base 15, what is -6 + 232a?
2324
In base 16, what is e + -381?
-373
In base 16, what is -79 + -cf8?
-d71
In base 9, what is 881 - 13?
867
In base 5, what is -1322023 + -2?
-1322030
In base 10, what is 0 + 202471?
202471
In base 6, what is 1323340 + 2?
1323342
In base 10, what is -530 - -6?
-524
In base 4, what is 2 - -1221233?
1221301
In base 8, what is 2 + -175432?
-175430
In base 16, what is -1d + 709?
6ec
In base 15, what is 1 + -c28?
-c27
In base 12, what is 339 + -55?
2a4
In base 4, what is -31 - -211001202?
211001111
In base 8, what is -10 - 574761?
-574771
In base 5, what is -3000 - 1244?
-4244
In base 16, what is -3f74 - -68?
-3f0c
In base 6, what is 